nd 189.
21
Let y be (-5448)/(-8) - 36/(-8 - -5). What is the highest common factor of 264 and y?
33
Suppose 3*x + x = 112. Let b = -45069 - -45076. What is the greatest common divisor of b and x?
7
Let j = -30512 - -34037. Calculate the highest common divisor of 300 and j.
75
Let b(h) = 15*h**2 + 27*h - 38. Let u be b(13). Suppose 15*p = u + 512. Calculate the greatest common factor of p and 140.
28
Suppose 105*t - 28*t = 170016. What is the highest common divisor of 207 and t?
69
Suppose 11*i - 10*i = 12*i - 1518. Calculate the greatest common divisor of i and 1035.
69
Let z = 20 + -14. Suppose -z*p - 297 = -7*p. Calculate the greatest common divisor of 54 and p.
27
Let r be (-2*(-4)/(-96)*2)/((-271)/6504). Suppose -7*n + 2*n + 220 = 0. What is the greatest common factor of n and r?
4
Let o be (8/5)/(1122/275 - 4). Let h be (-2730)/(-50) - (-8)/o. Let u = 15 - -7. Calculate the highest common factor of h and u.
11
Suppose -129*t + 793 = -110. Let l = 19 - 69. Let a = -15 - l. What is the greatest common divisor of a and t?
7
Suppose -5*i = 21*v - 18*v - 10518, -4*v = -i - 13978. Calculate the greatest common factor of v and 456.
152
Let z = 48 + -42. Let c(y) = -2*y + 13. Let m(d) = -d + 7. Let i(n) = z*c(n) - 11*m(n). Let b be i(-6). What is the highest common divisor of b and 21?
7
Let p = -120 + 152. Let z be (-1)/19 + (-16417)/(-19). Calculate the greatest common factor of z and p.
32
Suppose 8 = 5*c - 3*c. Suppose -2*o + c*g = -o - 43, -g + 5 = 0. Let f = o + -48. What is the highest common factor of f and 30?
15
Suppose -4*y - 20 = 0, 0*k = 2*k - 3*y + 101. Let p = k + 68. Let x be (-1232)/(-70) - (6/p + -1). Calculate the highest common factor of 81 and x.
9
Suppose -79*o - 82350 = -89*o + 5*u, 0 = -2*u - 4. What is the greatest common divisor of 537 and o?
179
Let u(k) = k**3 - 43*k**2 - 40*k - 173. Let o be u(44). Suppose -7 = -2*y - 1, -4*j + 27 = 5*y. Calculate the greatest common divisor of j and o.
3
Let z(t) = 5*t**2 + 37*t + 13. Suppose -12*f = 124 - 4. Let x be z(f). What is the greatest common factor of x and 26?
13
Let l be (1 - 1) + -1 + 181. Suppose -36*s = -230 - 178 + 84. What is the greatest common factor of s and l?
9
Let b(u) = -10*u - 157. Let q be b(-19). What is the greatest common factor of 135 and q?
3
Let z = 5234 + -5060. What is the greatest common factor of z and 2900?
58
Let l(s) = 2*s**3 + 27*s**2 - 44*s - 545. Let f be l(-11). Let u(h) = 4*h**3 + h - 2. Let a be u(2). What is the greatest common factor of a and f?
32
Suppose -53 = -2*o + 13. Let u be o - ((-1)/(-6) - 63/54). Let l = -559 - -831. Calculate the greatest common factor of l and u.
34
Suppose 286*v - 2784 = 285*v - j, 13904 = 5*v - 3*j. What is the highest common factor of 52 and v?
26
Let d = 731 - 651. Suppose d*n = 79*n + 18. Calculate the greatest common factor of 585 and n.
9
Let m(n) = -584*n**3 + 2*n**2 - 10*n - 12. Let g be m(-1). What is the highest common divisor of g and 1095?
73
Suppose 11*s - 9*s = -4*m - 20, m - 2*s - 5 = 0. Let j be ((-12)/(-15))/(m + (-152)/(-50)). What is the greatest common divisor of j and 10?
10
Suppose -109*t - 7300 = -111*t. What is the highest common factor of t and 50?
50
Suppose 18 + 9 = r + 5*a, -4*r + 45 = -a. Suppose 0 = -r*q + 26 + 34. What is the greatest common divisor of q and 65?
5
Suppose 0 = -3*v + 434 + 106. Let l = v - -126. Calculate the highest common divisor of l and 34.
34
Let w be (-1)/(5*(-4)/(-120)). Let p be 88/(-33)*w/8 - -32. What is the highest common factor of p and 17?
17
Suppose -4*q - 41*v = -44*v - 364, -2*v = -2*q + 184. What is the highest common factor of q and 248?
8
Let f be 13/((-3)/12*-1). Suppose 0 = 5*m - 4*o + 1716, -7*m + 11*m = -3*o - 1379. Let z = -318 - m. What is the greatest common divisor of z and f?
26
Suppose -b = 5*g - 1363, 3909 = 5*b + 5*g - 2926. What is the highest common factor of 304 and b?
152
Suppose 5*x = -2*q + 42 + 132, -4*q + 5*x = -288. Suppose 3*m - 103 = 3*t + q, t = 2*m - 124. Calculate the greatest common divisor of 4 and m.
4
Let n(v) = 55*v - 11. Let b be n(85). Calculate the greatest common factor of b and 159.
53
Let r be ((-3)/2)/((-2210)/(-280) - 8). Let b be 2/(-63)*-9 - (-192)/r. Let d be 2/7 + (-47)/(-7). Calculate the greatest common divisor of d and b.
7
Suppose 0 = -12*r + 3*b + 11364 + 13458, 4 = -2*b. Calculate the highest common factor of r and 564.
188
Let n be (5 - 4 - (-3 + 2)) + 8. Suppose -17*y = -13*y - 440. Suppose 0 = -q - 0*q + y. What is the greatest common factor of q and n?
10
Suppose -8*k + 11*k - 12 = 0. Suppose k*l + 22 = 150. Let f be ((-6)/(-4))/(-4 - (-402)/96). What is the greatest common divisor of f and l?
8
Let p be (6 - 6 - -32)*(-5)/(-2). Let i be (-1)/4*5*-8. Suppose -v - 4*z - i = -2*v, 4*v - 40 = 5*z. Calculate the highest common divisor of p and v.
10
Let k be 2/(-18) + (-4)/(-36). Suppose k = 25*m - 425 - 700. Calculate the greatest common divisor of m and 225.
45
Suppose 15*g = 20*g + 10. Let l be g/(-20) - 6/60. Suppose 4*d - 2*q + 3*q - 47 = l, -d - 2*q + 10 = 0. What is the greatest common divisor of 30 and d?
6
Suppose -4*j + 7*j - 18 = 0. Let u = 29 + -41. Let w be (-7 - -2)*7/(14/u). What is the highest common factor of j and w?
6
Let j be (-10)/4*4/(-10). Let t be (-1 - 152/(-16))*(j - -7). Let w be t/119 + (-206)/(-7). Calculate the greatest common factor of 12 and w.
6
Suppose -86 + 152 = p. Let g be (p/(-9))/(8/(-756)). Let s be (g/(-11))/(1*-1). What is the highest common divisor of s and 14?
7
Suppose 5*b - 8*q = -6*q - 29, -4*b - 18 = q. Let p = -1 - -4. Let z be (p + b + 5)*(-2 + 7). What is the greatest common factor of z and 10?
5
Suppose 10 = -6*y + 8*y. Suppose 2*k + 10 = y*x + 6*k, k = x + 7. Let c(p) = -93*p - 6. Let q be c(x). Calculate the greatest common divisor of q and 72.
36
Suppose 0 = 2*o - 13 - 97. Let u = 347493 - 347449. What is the greatest common factor of u and o?
11
Suppose 3*z = 0, 3*i - 1138 = 4*z - 247. Suppose -55*d + i = -52*d. Calculate the highest common factor of 22 and d.
11
Let x = 835 - -9919. Calculate the highest common factor of x and 19.
19
Suppose 23*x + 248 + 136 = 26*x. Calculate the greatest common divisor of 1520 and x.
16
Let q = 35 - 72. Let z = q + 41. Suppose 8 = 4*l, s + l = z*l + 255. What is the highest common divisor of 29 and s?
29
Let t(c) = 48*c - 76*c + 38*c**2 + 81*c + c**3 + 116. Let l be t(-36). What is the highest common divisor of l and 80?
80
Let k(v) = 3*v**2 - 24*v + 117. Let p be k(8). Suppose -14 = -5*t + 51. Calculate the highest common factor of t and p.
13
Let z be -2 + 9/18*5826. What is the highest common divisor of z and 164?
41
Let y = 0 - -1. Suppose h + q - 25 - 30 = 0, -4*h + 4*q = -260. Suppose -3*m - c = -29, -3*m = 2*m + 4*c - h. What is the highest common divisor of m and y?
1
Let j be 2 - ((-3)/9)/((-4)/(-36)). Suppose 3*i - 4*i + j = d, -i - 3*d = 5. What is the greatest common factor of i and 5?
5
Suppose -19*f + 17*f - 3*n + 7903 = 0, -3*f + 2*n = -11848. What is the highest common factor of 158 and f?
158
Let k be ((-4)/(-8)*0)/(-1). Suppose k = -2*v + b - 5*b + 2272, -2276 = -2*v - 5*b. What is the greatest common divisor of 24 and v?
24
Let p(k) = 117*k - 2259. Let s be p(21). Calculate the highest common factor of s and 957.
33
Suppose 9486 = 4*u + 1166. Suppose 6*f = 19*f - u. Calculate the highest common factor of 20 and f.
20
Let d be (32340/28)/(-15)*(-2 + -42). Calculate the highest common factor of 231 and d.
77
Let q be (-1 - -11) + 1/8*0. Suppose 0 = -4*w + 3*b + 62, 6*w = 3*w + b + 44. Let o be 1124/14 + w/(-49). What is the greatest common factor of o and q?
10
Let h = -28 + 44. Suppose 3*l - 19 = 2*p, -3*l + h = -5*p - 0. Suppose -19*a + 168 = -16*a. Calculate the greatest common factor of a and l.
7
Suppose 22*z - 20*z = 36. Suppose 0 = -0*b + 5*b - 45. What is the highest common divisor of z and b?
9
Let d be (5985/(-532))/((-6)/(-224)*-2). Calculate the highest common divisor of 6846 and d.
42
Let q(m) = 13839*m**2 + 12*m + 18. Let d be q(-1). What is the greatest common divisor of 71 and d?
71
Let f = 143 + -86. Let v = -113 + 306. Let p = v + -174. What is the highest common factor of p and f?
19
Let w(d) = -d**3 - 16*d**2 + 11*d - 39. Let y(l) = 3*l**3 + 4*l**2 + 8*l + 7. Let 